Dec 01 13:23:49.213 INFO testing jroesch/molten against master#8940af3cea4a9a9deabcaf843b2f8cad9a83fc61 for beta-1.31-5
Dec 01 13:23:49.213 INFO running `"docker" "create" "-v" "/mnt/big/crater/work/local/target-dirs/beta-1.31-5/worker-0/master#8940af3cea4a9a9deabcaf843b2f8cad9a83fc61:/target:rw,Z" "-v" "/mnt/big/crater/work/local/test-source/worker-0/beta-1.31-5/master#8940af3cea4a9a9deabcaf843b2f8cad9a83fc61:/source:ro,Z" "-v" "/mnt/big/crater/work/local/cargo-home:/cargo-home:ro,Z" "-v" "/mnt/big/crater/work/local/rustup-home:/rustup-home:ro,Z" "-e" "USER_ID=1000" "-e" "SOURCE_DIR=/source" "-e" "USER_ID=1000" "-e" "CMD=cargo +8940af3cea4a9a9deabcaf843b2f8cad9a83fc61-alt build --frozen" "-e" "CARGO_TARGET_DIR=/target" "-e" "CARGO_INCREMENTAL=0" "-e" "RUST_BACKTRACE=full" "-e" "RUSTFLAGS=--cap-lints=warn" "-e" "CARGO_HOME=/cargo-home" "-e" "RUSTUP_HOME=/rustup-home" "-m" "1536M" "--network" "none" "crater"`
Dec 01 13:23:49.403 INFO [stdout] f6b38214858ccd63deed518bb76a3a27c44a47f44620f1bd05881bc4d7b94a83
Dec 01 13:23:49.405 INFO running `"docker" "start" "-a" "f6b38214858ccd63deed518bb76a3a27c44a47f44620f1bd05881bc4d7b94a83"`
Dec 01 13:23:49.971 INFO [stderr] usermod: no changes
Dec 01 13:23:50.015 INFO [stderr]    Compiling molten v0.0.1 (/source)
Dec 01 13:23:50.319 INFO [stderr] error[E0554]: #![feature] may not be used on the beta release channel
Dec 01 13:23:50.319 INFO [stderr]  --> src/lib.rs:1:1
Dec 01 13:23:50.319 INFO [stderr]   |
Dec 01 13:23:50.319 INFO [stderr] 1 | #![feature(fn_traits)]
Dec 01 13:23:50.319 INFO [stderr]   | ^^^^^^^^^^^^^^^^^^^^^^
Dec 01 13:23:50.319 INFO [stderr] 
Dec 01 13:23:50.319 INFO [stderr] error[E0554]: #![feature] may not be used on the beta release channel
Dec 01 13:23:50.319 INFO [stderr]  --> src/lib.rs:2:1
Dec 01 13:23:50.319 INFO [stderr]   |
Dec 01 13:23:50.319 INFO [stderr] 2 | #![feature(unboxed_closures)]
Dec 01 13:23:50.319 INFO [stderr]   | ^^^^^^^^^^^^^^^^^^^^^^^^^^^^^
Dec 01 13:23:50.319 INFO [stderr] 
Dec 01 13:23:50.319 INFO [stderr] error[E0554]: #![feature] may not be used on the beta release channel
Dec 01 13:23:50.319 INFO [stderr]  --> src/lib.rs:3:1
Dec 01 13:23:50.319 INFO [stderr]   |
Dec 01 13:23:50.319 INFO [stderr] 3 | #![feature(type_macros)]
Dec 01 13:23:50.319 INFO [stderr]   | ^^^^^^^^^^^^^^^^^^^^^^^^
Dec 01 13:23:50.319 INFO [stderr] 
Dec 01 13:23:50.319 INFO [stderr] error: aborting due to 3 previous errors
Dec 01 13:23:50.319 INFO [stderr] 
Dec 01 13:23:50.323 INFO [stderr] For more information about this error, try `rustc --explain E0554`.
Dec 01 13:23:50.325 INFO [stderr] error: Could not compile `molten`.
Dec 01 13:23:50.325 INFO [stderr] 
Dec 01 13:23:50.325 INFO [stderr] To learn more, run the command again with --verbose.
Dec 01 13:23:50.326 INFO [stderr] su: No module specific data is present
Dec 01 13:23:50.929 INFO running `"docker" "inspect" "f6b38214858ccd63deed518bb76a3a27c44a47f44620f1bd05881bc4d7b94a83"`
Dec 01 13:23:51.155 INFO running `"docker" "rm" "-f" "f6b38214858ccd63deed518bb76a3a27c44a47f44620f1bd05881bc4d7b94a83"`
Dec 01 13:23:51.466 INFO [stdout] f6b38214858ccd63deed518bb76a3a27c44a47f44620f1bd05881bc4d7b94a83
